{"id":183,"date":"2022-03-02T16:55:03","date_gmt":"2022-03-02T15:55:03","guid":{"rendered":"https:\/\/angeliquepennetierconteuse.fr\/apc_01\/?page_id=183"},"modified":"2026-03-30T10:46:45","modified_gmt":"2026-03-30T08:46:45","slug":"agenda-2022","status":"publish","type":"page","link":"https:\/\/angeliquepennetierconteuse.fr\/apc_01\/index.php\/agenda-2022\/","title":{"rendered":"Agenda"},"content":{"rendered":"\n<p class=\"has-text-align-center\"><strong><em>Les spectacles<\/em><\/strong><\/p>\n\n\n\n<p class=\"has-small-font-size\"><strong> <\/strong><\/p>\n\n\n\n<p class=\"has-small-font-size\"><\/p>\n\n\n\n<p class=\"has-small-font-size\"><strong><em>2025<\/em><\/strong><\/p>\n\n\n\n<p class=\"has-small-font-size\"><strong>Le 3 janvier <\/strong>, \u00ab\u00a0L&rsquo;accord\u00e9on de l&rsquo;oncle Gaston\u00a0\u00bb <strong>au ch\u00e2teau de Bouges.(36)<\/strong><\/p>\n\n\n\n<p class=\"has-small-font-size\"><strong>Le 6 f\u00e9vrier  \u00e0 La Souterraine, au centre culturel Yves Furet<\/strong>, \u00ab\u00a0Qui s\u00e8me les cailloux\u00a0\u00bb avec la compagnie des singuliers associ\u00e9s.<\/p>\n\n\n\n<p class=\"has-small-font-size\"><strong> Du 17 au 20 mars \u00e0 <\/strong>Frankfort ( Allemagne), \u00ab\u00a0Ma for\u00eat, mon amie\u00a0\u00bb et \u00a0\u00bb Les souliers rouges  de Tchala\u00ef\u00a0\u00bb au lyc\u00e9e international Victor Hugo.<\/p>\n\n\n\n<p class=\"has-small-font-size\"> <strong>Le 29 mars \u00e0 Blond<\/strong> (87) pour \u00ab\u00a0La Loba\u00a0\u00bb avec Pablo Robin et Kamlo Barret.<\/p>\n\n\n\n<p class=\"has-small-font-size\"><strong>Du 8 au 11 avril au festival de contes Cl\u00e9rieuzit\u00e9s, dans la Dr\u00f4me<\/strong>:<\/p>\n\n\n\n<p class=\"has-small-font-size\"><strong>Le 8 avril<\/strong> : \u00ab\u00a0Les trois fr\u00e8res Crado\u00a0\u00bb,<\/p>\n\n\n\n<p class=\"has-small-font-size\"><strong>Le 9 et 10 avri<\/strong>l: \u00ab\u00a0Ma for\u00eat, mon amie\u00a0\u00bb et autres contes.<\/p>\n\n\n\n<p class=\"has-small-font-size\"><strong>Le 11 avri<\/strong>l :\u00a0\u00bb La Loba\u00a0\u00bb avec Pablo Robin et Kamlo Barret. <\/p>\n\n\n\n<p class=\"has-small-font-size\"><strong>Le 16 avril<\/strong> \u00e0 16 h , \u00ab\u00a0L&rsquo;accord\u00e9on de l&rsquo;oncle Gaston\u00a0\u00bb, avec G\u00e9raldine Gallois, \u00e0 la m\u00e9diath\u00e8que d&rsquo;<strong>Azay le ferron.<\/strong><\/p>\n\n\n\n<p class=\"has-small-font-size\"><strong> Le 17 mai \u00e0 18h \u00e0 La m\u00e9diath\u00e8que de Limoges<\/strong> pour les 30 ans des \u00ab\u00a0Passeurs d&rsquo;histoires\u00a0\u00bb,  \u00ab\u00a0Les souliers rouges de Tchala\u00ef\u00a0\u00bb.<\/p>\n\n\n\n<p class=\"has-small-font-size\"><strong>Du 20 mai au 1er juin, festival Coqueliconte, en Corr\u00e8ze et en Creuse<\/strong>: <\/p>\n\n\n\n<p class=\"has-small-font-size\"><strong>Le 22 mai \u00e0 10h \u00e0 Egleton<\/strong>, (19) salle ch\u00e2teau Robert, \u00ab\u00a0Un loup est un loup, un point , c&rsquo;est tout!\u00a0\u00bb<\/p>\n\n\n\n<p class=\"has-small-font-size\"><strong> Le 23 mai \u00e0 10h \u00e0 Chamboulive<\/strong> (19), salle polyvalente, \u00a0\u00bb Un loup est un loup, un point c&rsquo;est tout!\u00a0\u00bb.<\/p>\n\n\n\n<p class=\"has-small-font-size\"> <strong>Le 23 \u00e0 14h \u00e0 Chamboulive(19<\/strong>), salle polyvalente, \u00a0\u00bb Ma for\u00eat, mon amie\u00a0\u00bb.<\/p>\n\n\n\n<p class=\"has-small-font-size\"><strong> Le 23 mai \u00e0 19h30 \u00e0 Corr\u00e8ze (19)<\/strong> , salle polyvalente, \u00ab\u00a0L&rsquo;accord\u00e9on de l&rsquo;oncle Gaston\u00a0\u00bb.<\/p>\n\n\n\n<p class=\"has-small-font-size\"> <strong>Le 24 mai \u00e0 20h30 \u00e0 S\u00e9randon (19<\/strong>) , salle polyvalente, \u00ab\u00a0La Loba\u00a0\u00bb.<\/p>\n\n\n\n<p class=\"has-small-font-size\"> <strong>Le 26 \u00e0 10h \u00e0 Chen\u00e9railles,(23)<\/strong> salle des f\u00eates, \u00ab\u00a0L&rsquo;accord\u00e9on de l&rsquo;oncle Gaston\u00a0\u00bb.<\/p>\n\n\n\n<p class=\"has-small-font-size\"> <strong>Le 27 mai \u00e0 10h \u00e0 Sardent (23<\/strong>), salle des f\u00eates, \u00ab\u00a0Un loup est un loup, un point c&rsquo;est tout\u00a0\u00bb.<\/p>\n\n\n\n<p class=\"has-small-font-size\"> <strong>Le 27 mai \u00e0 14h \u00e0 Pontarion (23)<\/strong> salle polyvalente, \u00ab\u00a0Ma for\u00eat , mon amie\u00a0\u00bb.<\/p>\n\n\n\n<p class=\"has-small-font-size\"><strong> Le 28 mai \u00e0 15h \u00e0 Boussac (23) <\/strong>, salle quai des services, \u00ab\u00a0L&rsquo;accord\u00e9on de l&rsquo;oncle Gaston\u00a0\u00bb. <\/p>\n\n\n\n<p class=\"has-small-font-size\">Le<strong> 1 er juin<\/strong>, trio de conteurs pour la cl\u00f4ture du festival \u00e0 <strong>Uzerche<\/strong> , 15h15.<\/p>\n\n\n\n<p class=\"has-small-font-size\"><strong> Les 23 et 24 juin \u00e0 La Ch\u00e2tre<\/strong> , Ephad pour \u00ab\u00a0L&rsquo;accord\u00e9on de l&rsquo;oncle Gaston\u00a0\u00bb<\/p>\n\n\n\n<p class=\"has-small-font-size\"><strong>Le 3 juillet apm \u00e0 Marcenat<\/strong> , Cantal, interg\u00e9n\u00e9rationnel, contes du loup. <\/p>\n\n\n\n<p class=\"has-small-font-size\"><strong>Le 16 et 17 octobre<\/strong>, \u00e0 Ally, (15) \u00ab\u00a0Histoires de loups et de for\u00eats\u00a0\u00bb \u00e0 10h et 14h.<\/p>\n\n\n\n<p class=\"has-small-font-size\"><strong>Le 3 d\u00e9cembre<\/strong> apm \u00e0 la m\u00e9diath\u00e8que de <strong>Tulle<\/strong> pour \u00ab\u00a0Un loup est un loup, un point c&rsquo;est tout!\u00a0\u00bb .<\/p>\n\n\n\n<p class=\"has-small-font-size\"><strong> Le 3 d\u00e9cembre APM<\/strong> \u00e0 l&rsquo;EHPAD de Rioms es montagne, \u00ab\u00a0Contes de No\u00ebl\u00a0\u00bb. <\/p>\n\n\n\n<p class=\"has-small-font-size\"><strong> Le 10 d\u00e9cembre apm \u00e0 la m\u00e9diath\u00e8que d&rsquo; Uzerche<\/strong>, \u00ab\u00a0Les trois fr\u00e8res Crado\u00a0\u00bb.<\/p>\n\n\n\n<p class=\"has-small-font-size\"><strong>Le 11 d\u00e9cembre \u00e0 10h \u00e0 St Cenin<\/strong>, 15, salle des f\u00eates. \u00ab\u00a0OUIZZ\u00a0\u00bb.<\/p>\n\n\n\n<p class=\"has-small-font-size\"><strong>Le 13 d\u00e9cembre \u00e0 Cenon (33<\/strong>), \u00e0 la ludoth\u00e8que, \u00ab\u00a0Les trois fr\u00e8res Crados\u00a0\u00bb.<\/p>\n\n\n\n<p class=\"has-small-font-size\"><strong> Le 17 d\u00e9cembre<\/strong> \u00e0 17H, \u00ab\u00a0Un loup est un loup, un point , c&rsquo;est tout\u00a0\u00bb Au lyc\u00e9e professionnel de Felletin.<\/p>\n\n\n\n<p class=\"has-small-font-size\"><strong>Le 18 d\u00e9cembre Apm \u00e0 Arfeuilles<\/strong> 03 , \u00e9cole, \u00ab\u00a0Les trois fr\u00e8res Crado\u00a0\u00bb. <\/p>\n\n\n\n<p class=\"has-small-font-size\"><strong>Le 19 d\u00e9cembre<\/strong> \u00e0 17h \u00e0 Cheylade (15), contes de No\u00ebl.<\/p>\n\n\n\n<p class=\"has-small-font-size\"><strong>Le 20 d\u00e9cembre<\/strong> \u00e0 11h \u00e0 la salle \u00e0 gauche de la <strong>m\u00e9diath\u00e8que<\/strong> de <strong>Saint l\u00e9onard de Noblat 87<\/strong>.<\/p>\n\n\n\n<p class=\"has-small-font-size\"><strong> Le 20 D\u00e9cembre <\/strong>\u00e0 15h \u00e0 Angles sur l&rsquo;Anglin (86), \u00ab\u00a0Les trois fr\u00e8res Crados\u00a0\u00bb.<\/p>\n\n\n\n<p class=\"has-small-font-size\"><strong>  Le 21 d\u00e9cembre<\/strong> \u00e0 Montboudif (15) \u00e0 15 h , \u00ab\u00a0Les trois fr\u00e8res Crado\u00a0\u00bb.<\/p>\n\n\n\n<p class=\"has-small-font-size\"><\/p>\n\n\n\n<p class=\"has-small-font-size\"><strong><em>2026<\/em><\/strong><\/p>\n\n\n\n<p><\/p>\n\n\n\n<p class=\"has-small-font-size\"><strong>Le 20 f\u00e9vrier<\/strong> \u00e0 l&rsquo;\u00e9cole Sainte famille de Marvejols (48) 10h30: \u00ab\u00a0Un loup est un loup, un point c&rsquo;est tout\u00a0\u00bb et \u00e0 13h30 : \u00ab\u00a0Ma for\u00eat, mon amie\u00a0\u00bb.<\/p>\n\n\n\n<p class=\"has-small-font-size\"><strong> Le 21 F\u00e9vrier<\/strong> \u00e0 Sainte croix vall\u00e9e Fran\u00e7aise \u00e0 18h30,\u00a0\u00bbLes souliers rouges de Tchala\u00ef\u00a0\u00bb pour le festival &lsquo;Contes et rencontres&rsquo; par familles rurales.<\/p>\n\n\n\n<p class=\"has-small-font-size\"><strong>Le 22 F\u00e9vrier<\/strong> \u00e0 Gatuzi\u00e8res ( Ancien temple) \u00e0 19h00,\u00a0\u00bbLes souliers rouges de Tchala\u00ef\u00a0\u00bb pour le festival &lsquo;Contes et rencontres&rsquo; par familles rurales.<\/p>\n\n\n\n<p class=\"has-small-font-size\">Le <strong>21 mars, \u00e0 10<\/strong>h \u00e0 La m\u00e9diath\u00e8que du<strong> Dorat<\/strong> (87), Le spectacle OUIZZ, pour la semaine de la petite enfance<\/p>\n\n\n\n<p class=\"has-small-font-size\"><strong>Le 24 avril \u00e0 Cl\u00e9rieux<\/strong> dans la Dr\u00f4me, festival &lsquo; Les clerieuzit\u00e9s&rsquo; \u00ab\u00a0La Loba\u00a0\u00bb 20H.<\/p>\n\n\n\n<p class=\"has-small-font-size\"><strong>le 25 avril 15h, <\/strong>\u00ab\u00a0Les trois fr\u00e8res Crado\u00a0\u00bb \u00e0 <strong>Cl\u00e9rieux<\/strong> dans la Dr\u00f4me, festival &lsquo;Les cl\u00e9rieuzit\u00e9s&rsquo;.<\/p>\n\n\n\n<p class=\"has-small-font-size\"><strong>Le 15 et 16 juin<\/strong>: Action \u00ab\u00a0Les enfants et les fleurs\u00a0\u00bb Balades cont\u00e9es et ateliers cr\u00e9ations avec les maternelles de <strong>Rioms es montagne.<\/strong> <\/p>\n\n\n\n<p class=\"has-small-font-size\"><strong>Le 19 juin<\/strong>:  Spectacle :\u00a0\u00bb Que fais tu l&rsquo;abeille?\u00a0\u00bb <strong>\u00e0 Rioms es montagne<\/strong>.<\/p>\n\n\n\n<p class=\"has-small-font-size\"> <strong>Le 3 juillet<\/strong> \u00e0 Boudes, festival de contes \u00ab\u00a0Les petits contes&rsquo; pour \u00ab\u00a0Les souliers rouges de Tchala\u00ef\u00a0\u00bb.<\/p>\n\n\n\n<p class=\"has-small-font-size\"><strong> Les 29 et 30 d\u00e9cembre au ch\u00e2teau de  Carouges en Normandie<\/strong> pour \u00ab\u00a0L&rsquo;accord\u00e9on de l&rsquo;oncle Gaston\u00a0\u00bb avec G\u00e9raldine Gallois.<\/p>\n\n\n\n<p class=\"has-small-font-size\"><\/p>\n\n\n\n<p><\/p>\n\n\n\n<p class=\"has-small-font-size\"><\/p>\n\n\n\n<p class=\"has-small-font-size\"><strong>le 22 et 23 d\u00e9cembre au ch\u00e2teau de Carrouges en Normandie<\/strong> \u00e0 11h et 15 h ,\u00a0\u00bb l&rsquo;accord\u00e9on de l&rsquo;oncle Gaston\u00a0\u00bb.<\/p>\n\n\n\n<p class=\"has-small-font-size\"><\/p>\n\n\n\n<p class=\"has-small-font-size\"><\/p>\n\n\n\n<p><\/p>\n\n\n\n<p><\/p>\n\n\n\n<p><\/p>\n\n\n\n<p><\/p>\n\n\n\n<p><\/p>\n\n\n\n<p><\/p>\n","protected":false},"excerpt":{"rendered":"<p>Les spectacles 2025 Le 3 janvier , \u00ab\u00a0L&rsquo;accord\u00e9on de l&rsquo;oncle Gaston\u00a0\u00bb au ch\u00e2teau de Bouges.(36) Le 6 f\u00e9vrier \u00e0 La Souterraine, au centre culturel Yves Furet, \u00ab\u00a0Qui s\u00e8me les cailloux\u00a0\u00bb avec la compagnie des singuliers associ\u00e9s. Du 17 au 20 mars \u00e0 Frankfort ( Allemagne), \u00ab\u00a0Ma for\u00eat, mon amie\u00a0\u00bb et \u00a0\u00bb Les souliers rouges de Tchala\u00ef\u00a0\u00bb au lyc\u00e9e international Victor Hugo. Le 29 mars \u00e0 Blond (87) pour \u00ab\u00a0La Loba\u00a0\u00bb avec Pablo Robin et Kamlo Barret. Du 8 au 11&#8230;<\/p>\n<p class=\"read-more\"><a class=\"btn btn-default\" href=\"https:\/\/angeliquepennetierconteuse.fr\/apc_01\/index.php\/agenda-2022\/\">Lire la suite<span class=\"screen-reader-text\"> Lire la suite<\/span><\/a><\/p>\n","protected":false},"author":2,"featured_media":0,"parent":0,"menu_order":0,"comment_status":"closed","ping_status":"closed","template":"","meta":{"footnotes":""},"class_list":["post-183","page","type-page","status-publish","hentry"],"_links":{"self":[{"href":"https:\/\/angeliquepennetierconteuse.fr\/apc_01\/index.php\/wp-json\/wp\/v2\/pages\/183","targetHints":{"allow":["GET"]}}],"collection":[{"href":"https:\/\/angeliquepennetierconteuse.fr\/apc_01\/index.php\/wp-json\/wp\/v2\/pages"}],"about":[{"href":"https:\/\/angeliquepennetierconteuse.fr\/apc_01\/index.php\/wp-json\/wp\/v2\/types\/page"}],"author":[{"embeddable":true,"href":"https:\/\/angeliquepennetierconteuse.fr\/apc_01\/index.php\/wp-json\/wp\/v2\/users\/2"}],"replies":[{"embeddable":true,"href":"https:\/\/angeliquepennetierconteuse.fr\/apc_01\/index.php\/wp-json\/wp\/v2\/comments?post=183"}],"version-history":[{"count":101,"href":"https:\/\/angeliquepennetierconteuse.fr\/apc_01\/index.php\/wp-json\/wp\/v2\/pages\/183\/revisions"}],"predecessor-version":[{"id":805,"href":"https:\/\/angeliquepennetierconteuse.fr\/apc_01\/index.php\/wp-json\/wp\/v2\/pages\/183\/revisions\/805"}],"wp:attachment":[{"href":"https:\/\/angeliquepennetierconteuse.fr\/apc_01\/index.php\/wp-json\/wp\/v2\/media?parent=183"}],"curies":[{"name":"wp","href":"https:\/\/api.w.org\/{rel}","templated":true}]}}