{"id":596,"date":"2023-08-28T17:30:39","date_gmt":"2023-08-28T15:30:39","guid":{"rendered":"https:\/\/angeliquepennetierconteuse.fr\/apc_01\/?page_id=596"},"modified":"2024-10-04T12:27:19","modified_gmt":"2024-10-04T10:27:19","slug":"un-loup-est-un-loup-un-point-cest-tout","status":"publish","type":"page","link":"https:\/\/angeliquepennetierconteuse.fr\/apc_01\/index.php\/un-loup-est-un-loup-un-point-cest-tout\/","title":{"rendered":"Un loup est un loup, un point c&rsquo;est tout!"},"content":{"rendered":"\n<p>Pour les enfants de 3 \u00e0 7 ans, 30 mins<\/p>\n\n\n\n<p>Conte, chants, marionnettes, d\u00e9cors de tissus.<\/p>\n\n\n\n<p class=\"has-text-align-center\">C&rsquo;est un jeune loup qui a grandi, il s&rsquo;en va voir le monde pour se faire des copains ou tomber en amour. Mais ce n&rsquo;est pas si facile surtout que c&rsquo;est un loup et que tout le monde a peur de lui. Il n&rsquo;a pas le choix que de faire tout ce qu&rsquo;il peut, de courir tout dou, tout, tout doucement, de sauter tout, tout en bas! Et d&rsquo;hurler pas comme un loup! Et il va m\u00eame essayer de manger des fleurs, il a vu que les humaines aiment manger les fleurs. A force de ne plus \u00eatre un loup, de ne plus manger de mulots, de merlots, de renardeaux, \u00e0 force de ne plus courir, sauter, hurler comme un loup, il devient vert, mais pas ver de terre comme celui que vient de gober la poule juste avant de la croquer dans le r\u00eave qu&rsquo;il vient de faire, non! , Il devient vert de vert et perd une dent! Une dent de loup! Et un loup qui perd une dent , c&rsquo;est pas bon du tout!<\/p>\n\n\n\n<p class=\"has-text-align-center\">Comment r\u00e9soudre cette histoire, Va t-il continuer \u00e0 faire plaisir pour esp\u00e9rer \u00eatre accept\u00e9 ou va t-il redevenir ce qu&rsquo;il est vraiment, c&rsquo;est \u00e0 dire un loup, car n&rsquo;oublions pas: Un loup est un loup, un point c&rsquo;est tout!<\/p>\n\n\n\n<p><\/p>\n\n\n\n<p>Pour vous conter cette histoire j&rsquo;ai cousu main un raconte tapis en volume avec une ambiance tr\u00e8s color\u00e9e de for\u00eat et d&rsquo;un village avec des petits personnages. Ce conte parle d&rsquo;amiti\u00e9, de la diff\u00e9rence, de la place du loup dans le vivant. Spectacle joyeux, vivant et interactif.<\/p>\n\n\n\n<p><\/p>\n\n\n\n<figure class=\"wp-block-image size-full is-resized\"><img loading=\"lazy\" decoding=\"async\" width=\"349\" height=\"393\" src=\"https:\/\/angeliquepennetierconteuse.fr\/apc_01\/wp-content\/uploads\/2023\/08\/loup-1.jpg\" alt=\"\" class=\"wp-image-606\" style=\"width:182px;height:205px\" srcset=\"https:\/\/angeliquepennetierconteuse.fr\/apc_01\/wp-content\/uploads\/2023\/08\/loup-1.jpg 349w, https:\/\/angeliquepennetierconteuse.fr\/apc_01\/wp-content\/uploads\/2023\/08\/loup-1-266x300.jpg 266w, https:\/\/angeliquepennetierconteuse.fr\/apc_01\/wp-content\/uploads\/2023\/08\/loup-1-240x270.jpg 240w\" sizes=\"auto, (max-width: 349px) 100vw, 349px\" \/><\/figure>\n\n\n<div class=\"wp-block-image\">\n<figure class=\"aligncenter size-large is-resized\"><img loading=\"lazy\" decoding=\"async\" width=\"1024\" height=\"680\" src=\"https:\/\/angeliquepennetierconteuse.fr\/apc_01\/wp-content\/uploads\/2023\/08\/DSCF1283-2-1024x680.jpg\" alt=\"\" class=\"wp-image-607\" style=\"width:245px;height:163px\" srcset=\"https:\/\/angeliquepennetierconteuse.fr\/apc_01\/wp-content\/uploads\/2023\/08\/DSCF1283-2-1024x680.jpg 1024w, https:\/\/angeliquepennetierconteuse.fr\/apc_01\/wp-content\/uploads\/2023\/08\/DSCF1283-2-300x199.jpg 300w, https:\/\/angeliquepennetierconteuse.fr\/apc_01\/wp-content\/uploads\/2023\/08\/DSCF1283-2-768x510.jpg 768w, https:\/\/angeliquepennetierconteuse.fr\/apc_01\/wp-content\/uploads\/2023\/08\/DSCF1283-2-1536x1020.jpg 1536w, https:\/\/angeliquepennetierconteuse.fr\/apc_01\/wp-content\/uploads\/2023\/08\/DSCF1283-2-2048x1360.jpg 2048w, https:\/\/angeliquepennetierconteuse.fr\/apc_01\/wp-content\/uploads\/2023\/08\/DSCF1283-2-407x270.jpg 407w\" sizes=\"auto, (max-width: 1024px) 100vw, 1024px\" \/><\/figure>\n<\/div>\n\n<div class=\"wp-block-image\">\n<figure class=\"alignright size-large is-resized\"><img loading=\"lazy\" decoding=\"async\" width=\"680\" height=\"1024\" src=\"https:\/\/angeliquepennetierconteuse.fr\/apc_01\/wp-content\/uploads\/2023\/08\/DSCF1259-1-680x1024.jpg\" alt=\"\" class=\"wp-image-608\" style=\"width:170px;height:256px\" srcset=\"https:\/\/angeliquepennetierconteuse.fr\/apc_01\/wp-content\/uploads\/2023\/08\/DSCF1259-1-680x1024.jpg 680w, https:\/\/angeliquepennetierconteuse.fr\/apc_01\/wp-content\/uploads\/2023\/08\/DSCF1259-1-199x300.jpg 199w, https:\/\/angeliquepennetierconteuse.fr\/apc_01\/wp-content\/uploads\/2023\/08\/DSCF1259-1-768x1156.jpg 768w, https:\/\/angeliquepennetierconteuse.fr\/apc_01\/wp-content\/uploads\/2023\/08\/DSCF1259-1-1020x1536.jpg 1020w, https:\/\/angeliquepennetierconteuse.fr\/apc_01\/wp-content\/uploads\/2023\/08\/DSCF1259-1-1360x2048.jpg 1360w, https:\/\/angeliquepennetierconteuse.fr\/apc_01\/wp-content\/uploads\/2023\/08\/DSCF1259-1-179x270.jpg 179w, https:\/\/angeliquepennetierconteuse.fr\/apc_01\/wp-content\/uploads\/2023\/08\/DSCF1259-1-scaled.jpg 1700w\" sizes=\"auto, (max-width: 680px) 100vw, 680px\" \/><\/figure>\n<\/div>","protected":false},"excerpt":{"rendered":"<p>Pour les enfants de 3 \u00e0 7 ans, 30 mins Conte, chants, marionnettes, d\u00e9cors de tissus. C&rsquo;est un jeune loup qui a grandi, il s&rsquo;en va voir le monde pour se faire des copains ou tomber en amour. Mais ce n&rsquo;est pas si facile surtout que c&rsquo;est un loup et que tout le monde a peur de lui. Il n&rsquo;a pas le choix que de faire tout ce qu&rsquo;il peut, de courir tout dou, tout, tout doucement, de sauter tout,&#8230;<\/p>\n<p class=\"read-more\"><a class=\"btn btn-default\" href=\"https:\/\/angeliquepennetierconteuse.fr\/apc_01\/index.php\/un-loup-est-un-loup-un-point-cest-tout\/\">Lire la suite<span class=\"screen-reader-text\"> Lire la suite<\/span><\/a><\/p>\n","protected":false},"author":2,"featured_media":0,"parent":0,"menu_order":0,"comment_status":"closed","ping_status":"closed","template":"","meta":{"footnotes":""},"class_list":["post-596","page","type-page","status-publish","hentry"],"_links":{"self":[{"href":"https:\/\/angeliquepennetierconteuse.fr\/apc_01\/index.php\/wp-json\/wp\/v2\/pages\/596","targetHints":{"allow":["GET"]}}],"collection":[{"href":"https:\/\/angeliquepennetierconteuse.fr\/apc_01\/index.php\/wp-json\/wp\/v2\/pages"}],"about":[{"href":"https:\/\/angeliquepennetierconteuse.fr\/apc_01\/index.php\/wp-json\/wp\/v2\/types\/page"}],"author":[{"embeddable":true,"href":"https:\/\/angeliquepennetierconteuse.fr\/apc_01\/index.php\/wp-json\/wp\/v2\/users\/2"}],"replies":[{"embeddable":true,"href":"https:\/\/angeliquepennetierconteuse.fr\/apc_01\/index.php\/wp-json\/wp\/v2\/comments?post=596"}],"version-history":[{"count":8,"href":"https:\/\/angeliquepennetierconteuse.fr\/apc_01\/index.php\/wp-json\/wp\/v2\/pages\/596\/revisions"}],"predecessor-version":[{"id":756,"href":"https:\/\/angeliquepennetierconteuse.fr\/apc_01\/index.php\/wp-json\/wp\/v2\/pages\/596\/revisions\/756"}],"wp:attachment":[{"href":"https:\/\/angeliquepennetierconteuse.fr\/apc_01\/index.php\/wp-json\/wp\/v2\/media?parent=596"}],"curies":[{"name":"wp","href":"https:\/\/api.w.org\/{rel}","templated":true}]}}