{"id":629,"date":"2023-09-28T05:10:55","date_gmt":"2023-09-28T03:10:55","guid":{"rendered":"https:\/\/angeliquepennetierconteuse.fr\/apc_01\/?page_id=629"},"modified":"2023-10-09T17:06:59","modified_gmt":"2023-10-09T15:06:59","slug":"la-petite-poule-noire-et-autres-contes-tziganes","status":"publish","type":"page","link":"https:\/\/angeliquepennetierconteuse.fr\/apc_01\/index.php\/la-petite-poule-noire-et-autres-contes-tziganes\/","title":{"rendered":"La petite poule noire et autres contes tziganes"},"content":{"rendered":"\n\n\n<p><strong>Kalo Dant<\/strong>, un jeune tzigane, part \u00e0 la recherche d\u2019une \u00e9pouse, tombe amoureux d\u2019une myst\u00e9rieuse jeune fille frapp\u00e9e de mal\u00e9diction par un magicien \u00e9conduit : \u00e0 heures fixes, elle se transforme en poule noire\u2026<\/p>\n\n\n\n<p>&nbsp;Attir\u00e9s par l\u2019or, la richesse et les friandises, les roms-oiseaux ne suivirent pas les conseils de <strong>l\u2019oiseau rouge<\/strong>. N\u2019arrivant plus \u00e0 voler, ils perdirent peu \u00e0 peu leurs plumes\u2026<\/p>\n\n\n\n<p><strong>Les fleurs L\u00f9l\u00f9di<\/strong> sont des fleurs qui chantent si bien, que partout o\u00f9 elles vont, les oiseaux cessent de siffler, les enfants cessent de jouer, de parler pour mieux les entendre chanter. Mais un jour, alors que l\u2019une d\u2019entre elles traversait une ville , le roi est arriv\u00e9 et a dit : \u00ab Une fleur qui chante, ce n\u2019est pas normal, une fleur est l\u00e0 pour \u00eatre belle et se taire !! Et il l\u2019a \u00e9cras\u00e9e\u2026<\/p>\n\n\n\n\n","protected":false},"excerpt":{"rendered":"<p>Kalo Dant, un jeune tzigane, part \u00e0 la recherche d\u2019une \u00e9pouse, tombe amoureux d\u2019une myst\u00e9rieuse jeune fille frapp\u00e9e de mal\u00e9diction par un magicien \u00e9conduit : \u00e0 heures fixes, elle se transforme en poule noire\u2026 &nbsp;Attir\u00e9s par l\u2019or, la richesse et les friandises, les roms-oiseaux ne suivirent pas les conseils de l\u2019oiseau rouge. N\u2019arrivant plus \u00e0 voler, ils perdirent peu \u00e0 peu leurs plumes\u2026 Les fleurs L\u00f9l\u00f9di sont des fleurs qui chantent si bien, que partout o\u00f9 elles vont, les oiseaux&#8230;<\/p>\n<p class=\"read-more\"><a class=\"btn btn-default\" href=\"https:\/\/angeliquepennetierconteuse.fr\/apc_01\/index.php\/la-petite-poule-noire-et-autres-contes-tziganes\/\">Lire la suite<span class=\"screen-reader-text\"> Lire la suite<\/span><\/a><\/p>\n","protected":false},"author":2,"featured_media":0,"parent":0,"menu_order":0,"comment_status":"closed","ping_status":"closed","template":"","meta":{"footnotes":""},"class_list":["post-629","page","type-page","status-publish","hentry"],"_links":{"self":[{"href":"https:\/\/angeliquepennetierconteuse.fr\/apc_01\/index.php\/wp-json\/wp\/v2\/pages\/629","targetHints":{"allow":["GET"]}}],"collection":[{"href":"https:\/\/angeliquepennetierconteuse.fr\/apc_01\/index.php\/wp-json\/wp\/v2\/pages"}],"about":[{"href":"https:\/\/angeliquepennetierconteuse.fr\/apc_01\/index.php\/wp-json\/wp\/v2\/types\/page"}],"author":[{"embeddable":true,"href":"https:\/\/angeliquepennetierconteuse.fr\/apc_01\/index.php\/wp-json\/wp\/v2\/users\/2"}],"replies":[{"embeddable":true,"href":"https:\/\/angeliquepennetierconteuse.fr\/apc_01\/index.php\/wp-json\/wp\/v2\/comments?post=629"}],"version-history":[{"count":3,"href":"https:\/\/angeliquepennetierconteuse.fr\/apc_01\/index.php\/wp-json\/wp\/v2\/pages\/629\/revisions"}],"predecessor-version":[{"id":642,"href":"https:\/\/angeliquepennetierconteuse.fr\/apc_01\/index.php\/wp-json\/wp\/v2\/pages\/629\/revisions\/642"}],"wp:attachment":[{"href":"https:\/\/angeliquepennetierconteuse.fr\/apc_01\/index.php\/wp-json\/wp\/v2\/media?parent=629"}],"curies":[{"name":"wp","href":"https:\/\/api.w.org\/{rel}","templated":true}]}}