{"id":694,"date":"2024-04-30T18:47:43","date_gmt":"2024-04-30T16:47:43","guid":{"rendered":"https:\/\/angeliquepennetierconteuse.fr\/apc_01\/?page_id=694"},"modified":"2024-10-04T19:40:30","modified_gmt":"2024-10-04T17:40:30","slug":"ma-foret-mon-amie","status":"publish","type":"page","link":"https:\/\/angeliquepennetierconteuse.fr\/apc_01\/index.php\/ma-foret-mon-amie\/","title":{"rendered":"Ma for\u00eat, mon amie."},"content":{"rendered":"<div class=\"wp-block-image\">\n<figure class=\"aligncenter size-large is-resized\"><img loading=\"lazy\" decoding=\"async\" width=\"724\" height=\"1024\" src=\"http:\/\/angeliquepennetierconteuse.fr\/apc_01\/wp-content\/uploads\/2024\/04\/affiche.maforet-1-pdf-724x1024.jpg\" alt=\"\" class=\"wp-image-696\" style=\"width:316px;height:auto\"\/><\/figure>\n<\/div>\n\n\n<p class=\"has-text-align-center\">C&rsquo;est l&rsquo;histoire d&rsquo;un gar\u00e7on qui vit dans la for\u00eat. Sa vie est ponctu\u00e9e de rencontres avec le vivant, les fleurs  qu&rsquo;il dit bavardes, les arbres qu&rsquo;il aide, les animaux qui sont ses amis; les cueillettes pour se nourrir. C&rsquo;est une vie joyeuse et simple. Sauf que quand il se rend \u00e0 l&rsquo;\u00e9cole, c&rsquo;est plus la m\u00eame chanson&#8230; On le bouscule, on le jette dans les orties quand ses bottes sont crott\u00e9es, quand la mousse ou une fleur s&rsquo;est accroch\u00e9e \u00e0 ses boucles du vent. La maladie de la m\u00e9chancet\u00e9 fait rage au village si bien qu&rsquo;un jour il part! Mais il ne sera pas seul car les arbres, les fleurs, les prairies et les animaux le suivent&#8230;<\/p>\n\n\n\n<p class=\"has-text-align-center\"><strong>Conte pour tous les publics, adultes et enfants \u00e0 partir de 6 ans<\/strong>, 1h.<\/p>\n\n\n\n<p class=\"has-text-align-center\"><strong>Conte sur la diff\u00e9rence, le respect du vivant<\/strong>.<\/p>\n","protected":false},"excerpt":{"rendered":"<p>C&rsquo;est l&rsquo;histoire d&rsquo;un gar\u00e7on qui vit dans la for\u00eat. Sa vie est ponctu\u00e9e de rencontres avec le vivant, les fleurs qu&rsquo;il dit bavardes, les arbres qu&rsquo;il aide, les animaux qui sont ses amis; les cueillettes pour se nourrir. C&rsquo;est une vie joyeuse et simple. Sauf que quand il se rend \u00e0 l&rsquo;\u00e9cole, c&rsquo;est plus la m\u00eame chanson&#8230; On le bouscule, on le jette dans les orties quand ses bottes sont crott\u00e9es, quand la mousse ou une fleur s&rsquo;est accroch\u00e9e \u00e0&#8230;<\/p>\n<p class=\"read-more\"><a class=\"btn btn-default\" href=\"https:\/\/angeliquepennetierconteuse.fr\/apc_01\/index.php\/ma-foret-mon-amie\/\">Lire la suite<span class=\"screen-reader-text\"> Lire la suite<\/span><\/a><\/p>\n","protected":false},"author":2,"featured_media":0,"parent":0,"menu_order":0,"comment_status":"closed","ping_status":"closed","template":"","meta":{"footnotes":""},"class_list":["post-694","page","type-page","status-publish","hentry"],"_links":{"self":[{"href":"https:\/\/angeliquepennetierconteuse.fr\/apc_01\/index.php\/wp-json\/wp\/v2\/pages\/694","targetHints":{"allow":["GET"]}}],"collection":[{"href":"https:\/\/angeliquepennetierconteuse.fr\/apc_01\/index.php\/wp-json\/wp\/v2\/pages"}],"about":[{"href":"https:\/\/angeliquepennetierconteuse.fr\/apc_01\/index.php\/wp-json\/wp\/v2\/types\/page"}],"author":[{"embeddable":true,"href":"https:\/\/angeliquepennetierconteuse.fr\/apc_01\/index.php\/wp-json\/wp\/v2\/users\/2"}],"replies":[{"embeddable":true,"href":"https:\/\/angeliquepennetierconteuse.fr\/apc_01\/index.php\/wp-json\/wp\/v2\/comments?post=694"}],"version-history":[{"count":2,"href":"https:\/\/angeliquepennetierconteuse.fr\/apc_01\/index.php\/wp-json\/wp\/v2\/pages\/694\/revisions"}],"predecessor-version":[{"id":757,"href":"https:\/\/angeliquepennetierconteuse.fr\/apc_01\/index.php\/wp-json\/wp\/v2\/pages\/694\/revisions\/757"}],"wp:attachment":[{"href":"https:\/\/angeliquepennetierconteuse.fr\/apc_01\/index.php\/wp-json\/wp\/v2\/media?parent=694"}],"curies":[{"name":"wp","href":"https:\/\/api.w.org\/{rel}","templated":true}]}}